t + f*t = -172. List the prime factors of t.
43
Suppose 5*z + 948 = 5*j + 2*z, 5*j = -3*z + 972. List the prime factors of j.
2, 3
List the prime factors of 1806/8 - 25/(-100).
2, 113
List the prime factors of 6440/72 + (-4)/9.
89
Suppose -1305 = 31*w - 36*w. List the prime factors of w.
3, 29
Let g = 0 - -16. What are the prime factors of g?
2
Let m be 2/6 - (-25)/15. Suppose 0 = 5*q - 4*g - 23, 0*q + 2*q - 4*g - m = 0. What are the prime factors of q?
7
Let w(g) = -2*g + 5*g - g**3 - 1 + 0*g**3 + g**2. Let p be w(2). What are the prime factors of -2*1/p - -8?
2, 3
Suppose 4*q + 28 = 2*o, 5*q = 3*o + 6*q - 7. Suppose o*j - 7*j + 27 = 0. What are the prime factors of j?
3
Suppose -5*b - 2 = 13. Let r(p) be the third derivative of -p**6/120 - p**5/20 - p**4/24 + p**3/6 - 5*p**2. List the prime factors of r(b).
2
Let s = -23 + 98. List the prime factors of s.
3, 5
Let h = -6 - -9. What are the prime factors of h?
3
Suppose -44 = -9*g + 8*g. List the prime factors of g.
2, 11
Suppose -4 = -4*w + 3*w. Suppose w = 2*l - 2. List the prime factors of l.
3
Suppose -2*d = -7*d. Let w(f) = -3*f - 6. Let z(n) = 13*n + 24. Let h(o) = -9*w(o) - 2*z(o). What are the prime factors of h(d)?
2, 3
Let t(c) = 7 + 5*c**2 + c**3 + 3*c**2 + c - 4 + 5*c. What are the prime factors of t(-7)?
2, 5
Suppose -4*n = -3*i + 16, 4*n + 8 = i - 0. List the prime factors of 1*212/(-4)*n.
53
Suppose 436 = 3*d - 53. Suppose -47 = i - 0*i - 5*k, 4*i + 5*k = -d. Let v = -30 - i. What are the prime factors of v?
2, 3
Suppose v - 3*s = 4*v - 24, -4*s + 2 = -2*v. Suppose -2*l - m = -9, v*l - 4*m + 10 = -0*m. Suppose -l*q + 18 = -4. List the prime factors of q.
11
Let u be (-2 - -3)/((-1)/(-4)). Let a = 3 + u. What are the prime factors of (-32)/(-14) + (-2)/a?
2
Let l(m) = -m**2 + 8*m - 4. Let r be l(5). Let w = 7 + -5. Suppose -4*f - 3*c - w*c = -r, c - 19 = -5*f. What are the prime factors of f?
2
Let k(o) = -10*o - 16. List the prime factors of k(-8).
2
Let z be (-5)/(-2 + 7/4). Suppose -z = -0*y - 2*y. List the prime factors of y.
2, 5
Suppose 2*u + 4 = -h - 2*h, -2*h + 2*u = -14. Suppose -g + 8 = -s, 7*g + h*s - 5 = 2*g. What are the prime factors of g?
3
Let o(p) = p**3 + 4*p**2 + 2*p - 2. Let q be (0 - 1) + 0/2. Let z = q + -1. List the prime factors of o(z).
2
Let o(p) = -p**2 + 4*p - 4. Let w be o(4). Let n(h) = h**2 + 4*h + 2. What are the prime factors of n(w)?
2
List the prime factors of (-1)/1 + 1 + 26.
2, 13
Suppose 0 = 5*y - c - 2*c - 315, 0 = -3*c - 15. What are the prime factors of y?
2, 3, 5
Let w(s) = -s**2 - 10*s + 16. Let b be w(-11). List the prime factors of (6/b)/(15/200).
2
Let g be 7/2 - 2/(-4). Suppose g*d = 15 - 3. Suppose d*p + 3 = 4*s + 18, s = -5*p + 48. List the prime factors of p.
3
List the prime factors of 8 - (1 - -3) - -18.
2, 11
Let p be -3*((-11)/3 + 3). Let v = p + 1. List the prime factors of v.
3
Let g(b) = b - 8. Let p(c) = c + 3. Let d be p(-4). Let j(z) = 1. Let h(s) = d*g(s) - 2*j(s). What are the prime factors of h(0)?
2, 3
Suppose o = -4*t + 8, 3 = -3*t - 3*o + 9. Suppose t*v - 15 = -3*v. Let y(c) = -c**2 + 3*c + 2. List the prime factors of y(v).
2
Suppose f - 2*f + 2 = -2*u, 5 = 2*f - 3*u. Suppose -6 = -f*g + 6*g. Let l = 6 + g. List the prime factors of l.
3
Suppose -c + 6*c = 10. Suppose c*y = 19 + 5. What are the prime factors of y?
2, 3
Suppose -36 = -v + 4*w - 7, -34 = -2*v - 4*w. Let x = v + -6. List the prime factors of x.
3, 5
Let f(x) be the second derivative of x**4/12 - x**2/2 - 2*x. List the prime factors of f(6).
5, 7
Let c = -53 + 221. What are the prime factors of c?
2, 3, 7
Let d(f) = -f**3 - 5*f**2 - 5*f - 1. Suppose -8 = 3*n + 4. List the prime factors of d(n).
3
Let q = -68 + 133. Let p = -36 + q. List the prime factors of p.
29
Suppose -4*d = -0*d - 4*s - 388, -s + 398 = 4*d. What are the prime factors of d?
3, 11
Suppose 5*r - 46 = 3*n - 238, 3*r = 5*n - 336. What are the prime factors of n?
3, 23
Let j = 1 - 1. Suppose -2*q + 18 = q + 4*m, -3*q - 2*m + 12 = j. Suppose -2*t - 2*p = -24, -4*p - q = -4*t + 6. What are the prime factors of t?
7
Let x be -12*-1*(-3 - -4). Suppose d = 5*d - x. List the prime factors of d.
3
Suppose -2*w + w = -o, 2*w - 5*o = 0. Suppose w = t - 0 - 3. List the prime factors of t.
3
Let j(x) = x**2 + 3*x - 4. Let h be j(-4). Suppose h = u - 5*u + 40. Suppose 5*y - 35 + u = 0. List the prime factors of y.
5
Suppose -177 + 47 = -5*d. List the prime factors of d.
2, 13
List the prime factors of -2 - (-30 + 9/(-3)).
31
Let r be -3 + 3 + 3 + -3. List the prime factors of (-3)/(r - -1)*-5.
3, 5
Suppose 3*a + 5*t = 72, -4*a - 5*t + 95 = 4. What are the prime factors of a?
19
Suppose 1 = 3*l - 50. List the prime factors of l.
17
Let d(t) = -t**3 + 6*t**2 + t - 4. Let a be d(6). Suppose -a*l + 25 = 3*l. List the prime factors of l.
5
Suppose 0 = -3*v + l + 299, -4*l = 5*v - 797 + 293. List the prime factors of v.
2, 5
Suppose -26 = -3*m + 4*v, 3*m + 8 - 36 = 5*v. List the prime factors of 408/18*m/4.
2, 17
Suppose 0 = 6*r - 11*r. Suppose r = 5*z + 4*n - 170, -2*z = 3*z + n - 155. List the prime factors of z.
2, 3, 5
List the prime factors of 14/(-28) + 43/2.
3, 7
Suppose 50 = 2*g - 0*g. List the prime factors of g.
5
Let z be (-3)/(-9)*(-5 + 2). Let t be 0 + 12 + z + -1. Suppose -u = -3*l + 46, 0*u - u = l - t. What are the prime factors of l?
2, 7
Let w be 1/((-1)/3 - 0). Suppose -3*t = -42 - 0. Let d = t + w. What are the prime factors of d?
11
Let p = 42 - 6. What are the prime factors of p?
2, 3
Let i = -57 - -177. What are the prime factors of i?
2, 3, 5
Suppose -c = 2*u - 52, -2*u = 2*u + 12. What are the prime factors of c?
2, 29
Let g = -4 + 11. Let o be (-100)/(-7) + (-6)/21. Let l = o - g. What are the prime factors of l?
7
Let l = -14 - -21. Let q = -8 + 24. Let z = q - l. List the prime factors of z.
3
Suppose 2*s + 2*s + 8 = 0. List the prime factors of 12/(3 + s) + -3.
3
Let r = -7 + -1. Let j = -4 - -1. What are the prime factors of 4/10*(j - r)?
2
What are the prime factors of (-2 - (-12)/5)*580?
2, 29
Suppose -4*y + 22 = -358. What are the prime factors of y?
5, 19
Let g(f) = 2*f**2 - 9*f + 7. What are the prime factors of g(6)?
5
Let d(i) = -10*i - 43. What are the prime factors of d(-19)?
3, 7
Let p = -13 - -23. Let b(r) = 14 - 2*r - 9*r**2 + r**3 - 7*r - 2*r. List the prime factors of b(p).
2
Let y be -1*3/(-6)*0. Suppose -4*k = 2*s - 64, y = 3*s - 2*k - 42 - 30. List the prime factors of s.
2, 13
Let k(g) = g + 4 + 0 - 1. Let x = 4 - -1. List the prime factors of k(x).
2
List the prime factors of (0 - (-1 - 536))/(15/10).
2, 179
Let v = 321 + -211. Suppose -v = -2*l - 32. What are the prime factors of l?
3, 13
Let j(c) be the second derivative of -c**4/12 - c**3/6 + c**2 - 2*c. Let t be j(2). What are the prime factors of 22/2 + (t - -3)?
2, 5
Let k be (-7)/(-35) + (-339)/(-5). Suppose -f + 3*q = -2*q - 31, -k = -2*f + 4*q. What are the prime factors of f?
2, 3
Let h = -383 - -735. What are the prime factors of h?
2, 11
List the prime factors of (36/(-7))/(15/(-280)).
2, 3
Suppose 3*m = -m. Suppose -y - y = m. Suppose y = u - 5*v - 14, 3*u - 26 = -0*v - v. What are the prime factors of u?
3
Suppose -5*t + 9 = -1. Suppose t*p = 5 + 3. Suppose 2*d = 10 - p. List the prime factors of d.
3
What are the prime factors of ((-8)/32)/(2/(-56))?
7
Let d be 6 + 5/(15/(-9)). Suppose p = d*p - 8. List the prime factors of p.
2
Let w be (3 - (0 + 1))/1. Suppose 0*x - 3*g = 2*x + w, 3*x - g + 25 = 0. What are the prime factors of 1/(-1) - 2*x?
13
Suppose 5*g - 38 = 257. Suppose 5*v = -g - 1. Let w = v + 17. List the prime factors of w.
5
Let p be (-2 - -3)/(2/8). Suppose -3*x + 60 = 4*a, -p*x - 4*a - 31 = -107. Suppose -19 = -5*u + x. What are the prime factors of u?
7
Suppose -21 = -3*o + 5*t, 4*o - 3*t - 45 = -2*t. Let x be (-36)/14*(-28)/3. Suppose x = 4*w - o. What are the prime factors of w?
3
Suppose 4*u = -8, 2*u - 345 = -o + 7*u. What are the prime factors of o?
5, 67
Let a = -21 - -11. Let c = -1 - a. List the prime factors of c.
3
Suppose -3*t = -5*t - 2, -2*r - 2*t + 622 = 0. List the prime factors of r.
2, 3, 13
Let w = 17 + 3. List the prime factors of w.
2, 5
Let v(y) be the third derivative of y**6/120 + 4*y**5/15 - 5*y**4/6 - 5*y**3/3 + 5*y**2. What are the prime factor